 is the highest common factor of 1029 and 9?
3
What is the highest common factor of 8 and 232?
8
What is the greatest common factor of 95 and 209?
19
Calculate the greatest common divisor of 1320 and 72.
24
Calculate the greatest common factor of 60 and 24.
12
What is the greatest common factor of 2770 and 20?
10
What is the greatest common divisor of 203 and 28?
7
Calculate the greatest common factor of 600 and 2160.
120
What is the highest common divisor of 24 and 456?
24
Calculate the highest common factor of 26 and 4.
2
Calculate the highest common divisor of 36 and 148.
4
What is the greatest common divisor of 40 and 47720?
40
Calculate the highest common factor of 32665 and 940.
235
What is the highest common factor of 598 and 26?
26
Calculate the highest common divisor of 192 and 23328.
96
What is the highest common divisor of 378 and 14826?
42
What is the greatest common factor of 817 and 43?
43
What is the highest common factor of 434 and 56?
14
What is the highest common factor of 10 and 250?
10
What is the greatest common factor of 4862 and 1287?
143
What is the highest common divisor of 3 and 57?
3
What is the greatest common divisor of 511 and 21?
7
Calculate the greatest common factor of 50 and 4175.
25
Calculate the highest common factor of 6 and 123.
3
Calculate the greatest common factor of 99 and 55.
11
Calculate the greatest common divisor of 16 and 16.
16
Calculate the highest common factor of 22 and 1001.
11
Calculate the greatest common divisor of 243 and 2169.
9
What is the highest common factor of 462 and 126?
42
Calculate the greatest common factor of 252 and 18.
18
What is the greatest common factor of 1136 and 71?
71
Calculate the greatest common divisor of 65 and 3475.
5
What is the highest common divisor of 8320 and 1456?
208
Calculate the highest common divisor of 37 and 1369.
37
Calculate the highest common divisor of 12200 and 200.
200
What is the highest common factor of 204 and 391?
17
What is the greatest common divisor of 637 and 65?
13
What is the highest common factor of 52 and 3328?
52
Calculate the highest common divisor of 1440 and 54.
18
Calculate the greatest common divisor of 404 and 16.
4
Calculate the highest common divisor of 666 and 5254.
74
What is the highest common divisor of 3940 and 20?
20
Calculate the highest common factor of 7821 and 198.
99
Calculate the greatest common factor of 954 and 7473.
159
What is the greatest common divisor of 172 and 16?
4
Calculate the greatest common divisor of 4726 and 34.
34
Calculate the highest common divisor of 48 and 402.
6
Calculate the highest common divisor of 33 and 891.
33
What is the highest common divisor of 74 and 106?
2
What is the highest common divisor of 176 and 99?
11
What is the greatest common factor of 345 and 2085?
15
Calculate the highest common divisor of 2604 and 1674.
186
Calculate the highest common factor of 192 and 9536.
64
What is the greatest common factor of 672 and 126?
42
Calculate the highest common divisor of 64 and 4784.
16
Calculate the greatest common divisor of 2990 and 184.
46
Calculate the highest common divisor of 720 and 960.
240
What is the highest common factor of 513 and 114?
57
Calculate the highest common factor of 8 and 844.
4
Calculate the greatest common divisor of 2134 and 22.
22
Calculate the greatest common divisor of 392 and 17192.
56
Calculate the highest common factor of 473 and 143.
11
Calculate the greatest common factor of 189 and 14.
7
What is the highest common factor of 1073 and 29?
29
Calculate the highest common divisor of 9 and 195.
3
What is the greatest common divisor of 22 and 2849?
11
What is the greatest common divisor of 4268 and 88?
44
Calculate the highest common factor of 19 and 323.
19
Calculate the highest common factor of 774 and 5934.
258
What is the greatest common divisor of 537 and 3401?
179
Calculate the highest common divisor of 22 and 275.
11
What is the greatest common factor of 1739 and 376?
47
Calculate the greatest common divisor of 972 and 6.
6
What is the highest common divisor of 84 and 231?
21
Calculate the greatest common divisor of 25572 and 24.
12
Calculate the greatest common divisor of 18 and 234.
18
What is the greatest common factor of 124 and 1829?
31
Calculate the highest common factor of 1278 and 3692.
142
Calculate the greatest common divisor of 676 and 28.
4
Calculate the highest common divisor of 978 and 78.
6
What is the highest common factor of 1270 and 508?
254
What is the greatest common factor of 228 and 988?
76
Calculate the greatest common divisor of 148 and 1258.
74
Calculate the greatest common divisor of 1380 and 4860.
60
What is the greatest common factor of 7 and 11?
1
What is the highest common divisor of 26 and 221?
13
Calculate the highest common factor of 48 and 834.
6
Calculate the highest common divisor of 97 and 2.
1
Calculate the highest common divisor of 13 and 299.
13
What is the highest common factor of 50 and 1200?
50
Calculate the greatest common factor of 299 and 437.
23
Calculate the greatest common divisor of 5 and 79.
1
What is the greatest common divisor of 336 and 60?
12
Calculate the highest common factor of 4525 and 75.
25
Calculate the highest common divisor of 44 and 418.
22
What is the highest common factor of 18 and 4?
2
Calculate the highest common factor of 55 and 11.
11
Calculate the highest common factor of 2 and 64.
2
Calculate the greatest common factor of 27468 and 109.
109
Calculate the greatest common divisor of 20 and 160.
20
What is the greatest common divisor of 1830 and 9882?
366
What is the highest common factor of 63 and 2016?
63
Calculate the greatest common divisor of 25597 and 143.
143
Calculate the greatest common factor of 44 and 1210.
22
What is the greatest common divisor of 110 and 30?
10
Calculate the greatest common factor of 4272 and 32.
16
What is the highest common divisor of 4 and 332?
4
What is the greatest common factor of 29104 and 16?
16
Calculate the highest common divisor of 149 and 8344.
149
Calculate the highest common divisor of 9 and 576.
9
What is the highest common factor of 50 and 2750?
50
Calculate the highest common factor of 13 and 611.
13
Calculate the greatest common factor of 624 and 13.
13
Calculate the highest common factor of 1581 and 51.
51
What is the highest common divisor of 265 and 4929?
53
Calculate the highest common factor of 6 and 12426.
6
Calculate the greatest common divisor of 1755 and 15.
15
What is the greatest common factor of 125 and 25?
25
Calculate the highest common factor of 81 and 7.
1
Calculate the greatest common divisor of 2930 and 10.
10
Calculate the highest common divisor of 3 and 3.
3
Calculate the greatest common factor of 8372 and 161.
161
Calculate the greatest common divisor of 14 and 2338.
14
What is the greatest common factor of 8037 and 705?
141
Calculate the highest common divisor of 213 and 309.
3
What is the highest common divisor of 147 and 29694?
147
What is the highest common divisor of 12 and 114?
6
Calculate the greatest common divisor of 735 and 105.
105
What is the greatest common divisor of 268 and 469?
67
Calculate the highest common factor of 507 and 6422.
169
What is the highest common factor of 3 and 3630?
3
Calculate the greatest common factor of 1932 and 56.
28
What is the greatest common factor of 117 and 78?
39
What is the highest common factor of 13 and 65?
13
Calculate the highest common factor of 5 and 47.
1
What is the highest common factor of 34957 and 13?
13
What is the greatest common factor of 1922 and 62?
62
Calculate the highest common divisor of 2397 and 51.
51
Calculate the greatest common divisor of 7 and 11347.
7
What is the highest common divisor of 185 and 851?
37
Calculate the highest common factor of 5475 and 75.
75
What is the highest common divisor of 204 and 10727?
17
What is the highest common divisor of 36621 and 117?
117
What is the highest common divisor of 16 and 3056?
16
Calculate the highest common factor of 65 and 1755.
65
Calculate the greatest common divisor of 12840 and 36.
12
What is the highest common factor of 4 and 148?
4
Calculate the highest common divisor of 301 and 7.
7
Calculate the greatest common divisor of 21 and 1106.
7
Calculate the highest common divisor of 42 an